 + 1154 - 354 = 0. List the prime factors of l.
2, 5
Suppose 0*h + 4*h = u - 16, -2*u = -4*h - 16. Suppose -384 = -u*p - 8*p. What are the prime factors of p?
2, 3
What are the prime factors of ((-15)/(-30))/(1/1800)?
2, 3, 5
Let y be (-3 - (-1 + 1)) + 7. Suppose 0 = -y*z - 113 + 5. What are the prime factors of (-4 - z/2)*4?
2, 19
Let x(p) be the third derivative of p**6/30 + p**5/30 - p**3/6 - 14*p**2. List the prime factors of x(1).
5
Suppose -6545 - 29851 = -18*q. List the prime factors of q.
2, 3, 337
Suppose 6*n - 100 = 524. List the prime factors of n.
2, 13
Let w(r) = 3*r - 12. Let z be w(7). Let h be z*(-2)/(-3) - 1. Suppose -24 = -4*y + 2*p, 5*p + h = y - 1. List the prime factors of y.
2, 3
Let o = -8004 - -11549. What are the prime factors of o?
5, 709
Let p be 36*(-1)/(1 + 1). Let g be (32/48)/(1/3). List the prime factors of (p/27)/(g/(-6)).
2
Suppose 2*k = 3*s - 3455, -1133 = -s - 2*k - 2*k. What are the prime factors of s?
3, 383
Let p(a) = -2*a**2 + 9 + 8 + 7*a**2 - 4*a**2. Let j = -14 + 7. List the prime factors of p(j).
2, 3, 11
Suppose 12*j = -13198 + 46270. List the prime factors of j.
2, 13, 53
List the prime factors of -2*(-6)/90 - 8683/(-15).
3, 193
Let s(v) = 8*v**2 + 8*v + 140. What are the prime factors of s(-17)?
2, 3, 193
Let m be 3/(-2)*56/(-42). Suppose m*y + 9 = 1. Let p = y + 17. What are the prime factors of p?
13
Let h = 4 - 8. Let j be 22/4*((-112)/(-8) - 6). What are the prime factors of j*(-4)/h - 1?
43
Let o(i) = 6*i**3 + 7*i**2 - 21*i + 10. List the prime factors of o(6).
2, 179
Let m = -23 + -36. Let c = -54 - m. What are the prime factors of c?
5
Let i = 8 + -7. Let c be (i/(-2))/((-5)/(-10)). What are the prime factors of 20/(c - 6/(-3))?
2, 5
Suppose 2*v + v - 17 = r, -25 = 5*r. List the prime factors of 33263/527 + v/(-34).
3, 7
Suppose 0 = -2*m + 5*h - 1504, -m + 0*h - 750 = -2*h. What are the prime factors of m/(-10) - (-72)/90?
3, 5
What are the prime factors of 7*13 - (-1)/(-7)*7?
2, 3, 5
Suppose -2892 = -2*z - 5*l, -2*z = 3*z + 3*l - 7230. What are the prime factors of z?
2, 3, 241
Suppose -15 = -0*z - 3*z. Suppose z*a = -s - 7, 0*s - 4*s + 3*a = -18. Suppose 2*b + 0*b = 4*w + 48, -2*b - 5*w + s = 0. List the prime factors of b.
2, 7
Let p(q) = 2*q - 1. Let o(w) be the second derivative of 5*w**4/12 + w**3/3 - w**2 - 8*w. Let v be o(1). What are the prime factors of p(v)?
3
Suppose 0 = 60*d - 59*d - 8. Suppose 571 = d*w - 117. List the prime factors of w.
2, 43
Let k(s) = 17*s - 38*s - 5 + 5*s - 54*s. What are the prime factors of k(-1)?
5, 13
What are the prime factors of (668/10)/(-11*12/(-330))?
167
Suppose -2*i - 3*p = 2*i - 36, 5*p = 20. Suppose -i*t + 8*t - 2*v = 8, -2*v = -4*t + 22. What are the prime factors of t?
7
Let l(t) = -57*t + 27. What are the prime factors of l(-13)?
2, 3
Let q be (36/(-7))/(((-81)/42)/9). Suppose 28*z - q*z - 460 = 0. What are the prime factors of z?
5, 23
Let w(r) = 674*r**2 - 3*r + 2. List the prime factors of w(1).
673
Suppose -7*r + 254 = -166. What are the prime factors of r?
2, 3, 5
Suppose 0 = -2*z + 5087 - 1523. What are the prime factors of z?
2, 3, 11
Let d = -65 - 5. Let y = d - -220. List the prime factors of y.
2, 3, 5
Suppose a - 172 - 188 = -5*n, a - 315 = 4*n. Let v = a - 238. What are the prime factors of v?
97
Let y(a) = a**2 - 13*a + 16. Let u be (-15)/(-1) + (-6)/2. Let f be y(u). Suppose 3*c - m + 40 = 137, f*c = -5*m + 104. List the prime factors of c.
31
Let h(w) = w**3 + w**2 - 26. Let d be h(0). List the prime factors of (-2)/13 - 2240/d.
2, 43
Suppose -5*n + 3*m = -1286, 3*n + 337 = 2*m + 1109. What are the prime factors of n?
2
Let b(j) = -j**3 + 7*j**2 - 6*j - 7. Let i be b(5). Suppose -3*x = 5*s - 69, 17*x - 13*x + 8 = 0. Let l = s - i. What are the prime factors of l?
2
Let q(s) = 7*s**2 - 10*s + 6. List the prime factors of q(6).
2, 3, 11
Suppose 0 = 2*h - 2*l - 90, -2*h + 3*h - 53 = -3*l. Suppose 2*n + 23 = 2*i + 7*n, -5*n + h = 3*i. List the prime factors of i.
2, 3
Let l be ((-74)/(-4))/((-3)/(-6)). Let c = -23 + l. What are the prime factors of c?
2, 7
Let w(n) be the first derivative of n**4/6 + n**3 + 3*n**2/2 + 4*n + 2. Let k(i) be the first derivative of w(i). What are the prime factors of k(-4)?
11
What are the prime factors of (-5271)/(-12) + (-27)/(-36)?
2, 5, 11
Let c(u) = 24*u - 72. Let m(a) = -3*a + 9. Let l(z) = 4*c(z) + 33*m(z). Let d be l(10). Let w = 2 - d. What are the prime factors of w?
23
Suppose 8*v - 3*v = 4*d + 55, 15 = -3*d - 5*v. Let p = -8 - d. Suppose p*h - 5 = h, -h = w - 13. What are the prime factors of w?
2
Suppose w - 15 = -2*w. Suppose -5*d = -3*q - 2, -5*q = -q + d - w. List the prime factors of q/(-4) - (-342)/24.
2, 7
Let w be 6*(33/(-6) + 3). What are the prime factors of (-1 - w/6)*50?
3, 5
Suppose 0 = -4*i + p + 2235, 2*i - 2230 = -2*i + 2*p. List the prime factors of i.
2, 5, 7
Let b = -63 + 80. List the prime factors of b.
17
Suppose -140 = 5*k - 5*d, -2*k - 62 = -6*d + d. Let t = k - -52. List the prime factors of t.
2, 13
Let h be (1 - -1) + (8 - 1). Suppose h*k - 7*k = 184. Suppose 2*f - 6*f = -k. List the prime factors of f.
23
Suppose -1140 = -5*q - 4*n, -3*q + 3*n + 209 = -2*q. Let d = -159 + q. What are the prime factors of d?
5, 13
Suppose 5*g = b + 891, -4*g + g - 5*b = -557. Suppose -5*m - 3*y = -m - 373, 2*m = y + g. What are the prime factors of m?
7, 13
Suppose -4*d - 29 + 171 = 5*q, 2*d - 72 = -3*q. Suppose -5*j + 3*j + 3 = -v, 0 = 2*j - 4*v - 6. What are the prime factors of (-1)/(-2)*(d + j)?
17
Let a = 32 + -2. Let m = a + 0. What are the prime factors of m?
2, 3, 5
Let t(h) = h**3 - h**2 + h + 2. Let u be t(2). Suppose 4*n + 5*x - 280 = 0, 0*x - 2*x = -u. List the prime factors of n.
5, 13
Suppose 5*w = -0*w + 20. Suppose -2*o + 7 - 16 = -3*b, -w*b + 12 = 4*o. Let s(x) = 6*x - 2. What are the prime factors of s(b)?
2
Let h(x) = -2*x**2 + 7*x + 7. Let t(o) = -5*o**2 + 15*o + 14. Let q(l) = 14*h(l) - 6*t(l). List the prime factors of q(-8).
2, 3, 13
Let u(p) = p**3 - p**2 + p. Let n be 2*5/((-10)/(-4)). List the prime factors of u(n).
2, 13
Let q(n) = 3*n**2 + 6*n + 9. Let p be q(-7). Let y be 2/(-1)*p/(-12). Suppose -d - 2*j = 3*j - y, 2*d - 38 = j. What are the prime factors of d?
19
Suppose -3849 = -3*r - 3*w, -4*r + 5486 = -3*w + 375. What are the prime factors of r?
2, 5
Let z be 1730/(-30) - (-2)/(-6). Let g = z - -190. List the prime factors of g.
2, 3, 11
Let a(x) = x**3 + 27*x**2 + 2*x + 59. Let l be a(-27). Suppose -4*y + l*z = -0*z - 357, y + z - 96 = 0. What are the prime factors of y?
3, 31
Let m be ((-6)/5)/(1/(-5)). Let o(k) = -k**3 - 21*k**2 - 4*k - 30. Let y be o(-21). Suppose 3*s = m*s - y. List the prime factors of s.
2, 3
Let n(j) = -6*j - 4. Let l be n(-2). Suppose -w + 10 = l. Suppose 3*o - 4*z = 144, 3*o = -w*o + 4*z + 248. List the prime factors of o.
2, 13
Let s(k) = -k**2 + 32*k + 66. Suppose 11*o - 567 = -10*o. List the prime factors of s(o).
3, 67
Let o(t) = 17*t + 1 + 1 - 3 + 74*t. List the prime factors of o(1).
2, 3, 5
Let i = 5 - 13. Let k be i/(-1)*(0 + 1). Let t = -1 + k. What are the prime factors of t?
7
Suppose -2*j = -0*j. Suppose 3*n - 46 + 34 = j. List the prime factors of n.
2
Let u(w) = 59*w**2 - 88. List the prime factors of u(6).
2, 509
Let a be 136/(-3)*(-5)/((-5)/(-6)). Suppose -2*w = 3*f - w - 410, a = 2*f + 2*w. What are the prime factors of f?
137
Let a = -119 - -67. Let d = -3 - a. List the prime factors of d.
7
What are the prime factors of (-11 - -12)*3406 + -9?
43, 79
Suppose 5*a = -3*p + 8504, -2*a - 11*p = -12*p - 3395. What are the prime factors of a?
1699
Let y = -6985 + 10061. What are the prime factors of y?
2, 769
List the prime factors of 51 - 2 - (2 + -4).
3, 17
Let t be (-1)/((-2)/4 - 0). Suppose -4*a + 44 = -4*i, -t*i + 5*a - 28 = 3. Let b = i - -14. What are the prime factors of b?
2, 3
Let j = -516 + 3233. List the prime factors of j.
11, 13, 19
Suppose -3 = 5*v + 7. Let h(b) = -1 + 3*b**2 - b**2 + 6*b + 3 - 4*b. List the prime factors of h(v).
2, 3
Let k(s) be the first derivative of 4*s**3/3 - s**2/2 - 11*s - 11. List the prime factors of k(-5).
2, 47
Suppose 4*b - 42*r + 37*r = 7252, 2*r = 5*b - 9065. List the prime factors of b.
7, 37
Suppose 0 = 2*z - 4*z + 644. List the prime factors of z.
2, 7, 